*5 + 0*r**3 + 0*r**2 + 0 - 3/2*r**4 + 1/720*r**6. Let f(x) be the third derivative of w(x). Calculate f(7).
2
Suppose -3*g + 5*m + 20 = -0*g, 0 = 3*m + 12. Suppose -2*l - 3 = -0*r - 5*r, -4*r + 3*l + 1 = g. Let j(y) = -3*y**3 + y**2 - y + 1. Calculate j(r).
-2
Let x be -21*(0 - 4/6). Let g be (x/56)/(1/8). Suppose 0 = 5*j - 3*j + g. Let w(p) = -8*p - 1. Determine w(j).
7
Let c(j) = 11*j**3 - 10*j**2 + 34*j + 3. Let l(d) = 13*d**3 - 11*d**2 + 39*d + 3. Let m(r) = -7*c(r) + 6*l(r). Suppose 5 = 4*s + 21. What is m(s)?
13
Let v be 0 + 7 + (-38 - -34). Let r(s) = -10*s**3 + 5 + 7*s + 0*s**v + 9*s**3 + 7*s**2. Give r(8).
-3
Let t(r) = r**2 - 41*r + 159. Suppose -8*h = -3*q - 104 - 204, 0 = 5*h - 5*q - 205. Determine t(h).
11
Let i(t) = -10*t - 1. Let x(s) = -2*s - 8. Let j be x(-4). Suppose -2*o - 5*o + 91 = j. Let l = -12 + o. Give i(l).
-11
Let i(a) = -4*a - 6. Suppose 0*m = 5*m - 180. Let o = -43 + m. Let y be (-9)/(36/(-8)) + o. Give i(y).
14
Let o(v) = 12*v + 4 + 11*v - 31*v**2 - 3 + 32*v**2. Give o(-16).
-111
Let t be (-20)/65*(-182)/28. Let y(d) be the first derivative of 3*d + 1/3*d**3 - d**t - 7. What is y(2)?
3
Let l(k) = 23*k + 22*k - 42*k + 46 - 11. Let i be l(-9). Suppose 4*b + b - 25 = -5*o, -2*o = 3*b - i. Let z(a) = a**3 - 7*a**2 - 2*a + 9. What is z(o)?
-5
Let c = 509 - 501. Let k(u) = -1176 + 586 + 587 - 3*u + c*u. Determine k(2).
7
Let z(m) be the third derivative of -m**6/120 - m**5/10 - 25*m**4/24 - 107*m**3/6 + 43*m**2 - 7*m + 2. What is z(-5)?
-7
Let k(z) be the second derivative of -z**5/20 + 5*z**4/4 + z**3/6 - 21*z**2/2 - 700*z. Calculate k(15).
-6
Let j(z) = -13*z + 56*z**2 + 17 + 12 + 12 - 55*z**2. Give j(5).
1
Let f(s) be the second derivative of -1/20*s**5 - 16*s - s**3 + 1/2*s**4 - 2 + 3*s**2. Calculate f(5).
1
Suppose -5*t - 5 = -3*i, -211 = -i + 5*t - 196. Let l(m) = m**2 - 2*m - 11. Give l(i).
24
Let s(f) be the third derivative of -f**5/60 - 2*f**4 - 65*f**3/3 + 879*f**2. Give s(-45).
5
Suppose 14*m + 4 = 15*m + n, -3*m + 68 = -4*n. Let h(b) = b**2 - 22*b - 6. Calculate h(m).
-126
Let b be -23 + -5 + 5*3/5. Let o be ((-5)/(50/(-4)))/((-2)/b). Let n(c) = -3*c + 4*c**2 - 2 - 3*c**2 - 3. What is n(o)?
5
Let r be 1501/(-171) - (-4)/(-18). Let v(t) = 38*t**3 + 40*t**2 - 29*t - 76. Let l(g) = 7*g**3 + 8*g**2 - 6*g - 15. Let h(w) = 11*l(w) - 2*v(w). Give h(r).
-22
Let u = -528 + 331. Let x = u + 188. Let y(g) = g**2 + 6*g - 2. Give y(x).
25
Let i = 9 + -7. Suppose q + 6 = -i*q. Let b(t) = -129931 + t - 2*t - 2*t + 129932. What is b(q)?
7
Suppose -2*s - 4 = -4*i, -63 = 5*i + 15*s - 9*s. Let x(u) = 4*u**3 + 11*u**2 + 13*u + 3. What is x(i)?
-45
Let f(w) = 27*w**3 + 24*w**2 + 13*w - 224. Let n(c) = 16*c**3 + 11*c**2 + 6*c - 111. Let b(o) = -3*f(o) + 5*n(o). Determine b(-16).
5
Let m(t) = -t**3 - t**2 - 2*t - 4. Let s = -2502 + 2500. Calculate m(s).
4
Suppose 13*x - 7*x - 36 = 0. Let c be 1/(-3) - (16/x - 1). Let l(q) = -q**3 - q**2. Let a(o) = 2*o**3 + 2*o**2 + 2. Let j(d) = -a(d) - 3*l(d). What is j(c)?
-6
Suppose 66 = -27*y + 16*y. Let n(c) = c**3 + 5*c**2 - 9*c - 7. What is n(y)?
11
Let g(w) = 16*w**3 + 58*w**2 - 120*w - 4. Let o(j) = 5*j**3 + 19*j**2 - 39*j - 1. Let n(l) = -6*g(l) + 19*o(l). Determine n(11).
16
Let x(i) = 54*i - 17. Let w be x(5). Suppose w = -3*z + 271. Let j(k) = -k**2 + 3*k + 1. Give j(z).
-17
Let n be (-72)/160*35/(-21)*4. Let g(a) = -a - 8. Calculate g(n).
-11
Suppose 19 = 3*o + 4, -4*y - 1705 = 3*o. Let n = -431 - y. Let k(a) = 24*a**2 + a. Determine k(n).
23
Let g(a) be the second derivative of -a**5/20 - 7*a**4/12 + 4*a**3/3 + a**2 - a + 10. Let l(r) = 23*r - 169. Let j be l(7). What is g(j)?
2
Let b(m) = -1117*m - 1091*m - 1092*m + 3295*m - 48. What is b(11)?
-103
Let g = 29 - 25. Suppose 3*r - 3*d + 15 = 0, g = -4*r + 5*d - 15. Let k be -3 - r - (0 - (-2)/2). Let v(l) = -2*l**2 + 2*l - 2. What is v(k)?
-6
Let m(j) = -93 + 136 + 6*j - 65. Give m(4).
2
Let k(j) = -j**3 + 7*j**2 - 7*j + 7. Let o = -58 + 233. Let w be 7/(o/(-10)) + 36/15. Suppose 0*c = -f + w*c + 2, 16 = 3*f - c. What is k(f)?
1
Let i(s) = 3*s**2 + 2*s - 18. Suppose 284 = 63*a + 95. Calculate i(a).
15
Let g(a) = -2 + 4*a - 4 - a - 6*a. Let l be (3 - ((-360)/(-25))/6)*15. What is g(l)?
-33
Let l(z) = -307*z - 48. Let u be l(4). Let c = u + 1268. Let f(q) = -7 - 3*q - q**3 + 4*q**2 + 0*q**3 - 12*q**2. Give f(c).
17
Let i(a) = 5*a**2 - 14*a - 16. Let j be 957/198 + 0 + 10/(-12). What is i(j)?
8
Let i(q) be the first derivative of 5*q**2/2 + 26*q + 337. Calculate i(-4).
6
Let d(u) = -14*u**3 - 3*u**2 - u + 2. Let r = -16463 + 16462. Give d(r).
14
Let b(l) = -4*l**3 + l**2 + l + 1. Suppose -10*s = -3 - 37. Suppose -2*x + 4*h - 2 + 4 = 0, -3*h - 7 = s*x. Calculate b(x).
5
Let l(c) be the third derivative of c**4/12 + 10*c**3/3 + c**2 + 16*c + 9. Give l(-5).
10
Suppose -4*s = 25 - 5. Let a(v) = -3*v**3 - 12*v**2 + 11*v - 1. Let c(r) = 7*r**3 + 25*r**2 - 23*r. Let z(o) = s*a(o) - 2*c(o). What is z(-11)?
-17
Let a be (35/25)/(-7) + 190/(-50). Let x(w) = -18*w - 39. Give x(a).
33
Let v(g) = 5*g**3 + 64*g**2 - 3*g + 13. Let s(f) = -21*f**3 - 255*f**2 + 13*f - 64. Let c(o) = 2*s(o) + 9*v(o). Calculate c(-22).
11
Let w = 4 - -5. Let z(p) = 3 + w + 4*p - p - 4*p. Suppose -1831 + 1993 = 18*l. What is z(l)?
3
Let d be (0/23)/((6*1)/2). Suppose -10*p + 16*p + 12 = d. Let z(w) = 2*w**3 + 4*w**2 + 3*w + 1. Determine z(p).
-5
Suppose 96*m + 90*m = 164*m + 66. Let d(h) = h**2 - 16*h + 36. Calculate d(m).
-3
Suppose 2*k + 16 = 14. Let y(h) = -h**3 - 2*h**2 - 3*h - 2. Let n be y(-2). Let q(x) = -x + 11. Let i(f) = 1. Let b(t) = k*q(t) + n*i(t). Calculate b(0).
-7
Suppose 826*a - 828*a = -5*j + 109, -3*a - 6 = 0. Let b(o) = -2*o**3 + 41*o**2 + 20*o + 25. Give b(j).
4
Let b(q) be the second derivative of 0 - 1/3*q**3 - 86*q + 15/2*q**2. What is b(12)?
-9
Let s(j) = 13*j**2 - 7*j - 6. Let p(z) = 34*z**2 - 18*z - 16. Let k(t) = -5*p(t) + 13*s(t). Give k(0).
2
Let m(z) be the first derivative of -13*z**3/3 + z - 1. Let l(n) = 2*n**3 - 14*n**3 + 7 + 6*n**3 + 5*n + 5*n**2 + 5*n**3. Let o be l(6). Determine m(o).
-12
Let g(k) = 4*k**3 + 9*k**2 - 37*k - 17. Let d(i) = 3*i**3 + 8*i**2 - 29*i - 14. Let x(b) = 5*d(b) - 4*g(b). Let m = 5 - 0. Determine x(m).
-12
Let m be (-6)/21 - 74/(-14). Let d(y) = -1 - 2 + m*y + 5. Suppose -2*o + 9980 = 9974. Calculate d(o).
17
Let q(i) = -18*i - 1. Let o(j) = -29*j - 3. Let w(v) = -5*o(v) + 8*q(v). Give w(-13).
-6
Let n(j) = 6*j - 4. Let b = 496 + -486. Suppose -73*z + 78*z = b. Give n(z).
8
Let z(d) = -995*d + 4977. Let r be z(5). Let o(w) = 2*w**3 - 3*w**2 + 2*w - 3. What is o(r)?
5
Let y(n) = -n**2 - 11*n + 6. Let i be (-7)/((-42)/30) + 3. Let f be (i*1)/(56/(-84)). Calculate y(f).
-6
Let i(c) = 4*c + 4. Suppose -2*x + o - 5 = 0, -2 = -4*x - 3*o + 13. Suppose x = -5*k - 10, -g + 3*k - 4 = -5. Give i(g).
-16
Let b(x) = 1669 + 6*x + 1679 - 3330. Calculate b(-6).
-18
Let q = -241 + 235. Let m(r) = -7*r**3 + 10*r**2 + 7*r - 2. Let f(k) = 8*k**3 - 11*k**2 - 8*k + 2. Let b(y) = q*f(y) - 7*m(y). Give b(4).
-2
Let b be (-11934)/(-66) + 1/(-11)*-2. Let s = b + -179. Let f(o) = 3*o**2 + o. Give f(s).
14
Let r(j) = -j**3 - 4*j**2 - 4. Suppose 0 = 3*d + 5*a + 761, 95 - 356 = d - 2*a. Let u = d + 254. Calculate r(u).
-13
Let n(q) = q**3 + 9*q**2 + 16*q + 68. Let b be n(-8). Let t(m) = 5*m - 8. Determine t(b).
12
Let q(a) = 4*a + 9. Let v be (30/18)/(5 - 31/6). Let f be ((-64)/(-40))/4*v. Give q(f).
-7
Let x(o) = -o**3 + o - 1. Let u = -318 - -265. Let c = 53 + u. Determine x(c).
-1
Let k(w) = 4*w**3. Suppose -u = 46 + 3. Let c(v) = 35*v + 510. Let f be c(-16). Let h = u - f. Determine k(h).
4
Let d(k) = -23. Let p(l) = 14*l + 124. Let t(b) = d(b) + p(b). What is t(-7)?
3
Suppose -6*w + 13*w = -2324. Let j = w + 339. Let x(p) = p - 6. What is x(j)?
1
Let o = -58 - -139. Let c(g) = 219*g - 3 - o*g - 75*g - 76*g - g**2 - 3. Determine c(-10).
24
Let r(l) = -2*l. Let s be (4/12)/((-1)/3) - -1. Suppose -5*w - 65 + 330 = s. Let h = w - 50. Give r(h).
-6
Suppose -3*q + 8 = 2. Let d(r) = -r**3 - 2*r + 41 + 4*r + 26 - 67 - r**2. Calculate d(q).
-8
Let b(h) = 149*h - 1. Let i(p) = -418*p + 4. Let m(y) = 14*b(y) + 5*i(y). What is m(4)?
-10
Let h(u) = u**2 - 7*u + 11. Let g be 5/(-1)*((-365)/25 + -1). Let z be (g/52)/(-1 - (-10)/8). Determine h(z